2) in base 15?
96c4
Convert -1105521 (base 6) to base 14.
-1642d
-369487 (base 13) to base 14
-25dc3b
What is 1655151 (base 10) in base 2?
110010100000101101111
Convert -1749533 (base 10) to base 8.
-6531035
Convert -1c1aa8 (base 13) to base 16.
-af4e2
Convert 22353532 (base 6) to base 15.
d7945
57250b (base 13) to base 8
7672512
221214661 (base 7) to base 11
7586636
-8666aa (base 11) to base 9
-2540874
What is -2112020011002 (base 3) in base 5?
-320433203
Convert 1545b2 (base 14) to base 4.
2311022000
1120000101 (base 3) to base 2
111011110100100
What is -7560430 (base 8) in base 4?
-13232010120
Convert -3304233130 (base 5) to base 12.
-2466156
What is -118767 (base 9) in base 15?
-1654a
Convert b141 (base 13) to base 12.
12145
4520344 (base 7) to base 12
22ba24
Convert 112011212112012 (base 3) to base 15.
9dcd8b
Convert -a0b4e (base 15) to base 11.
-3182a5
What is -316a0 (base 14) in base 16?
-1d20c
-58887 (base 11) to base 4
-110232310
445131212 (base 6) to base 7
125464622
70028c (base 15) to base 16
511e6f
Convert 11e953 (base 16) to base 7.
12656166
360244 (base 7) to base 5
4034312
Convert -2c00c (base 13) to base 7.
-465302
What is 1eafa (base 16) in base 3?
20101102012
-10c69d (base 14) to base 7
-4601556
Convert -8749 (base 16) to base 9.
-52451
What is -136c1e (base 16) in base 4?
-10312300132
What is -1657714 (base 11) in base 9?
-5270023
What is 564501 (base 8) in base 4?
232211001
What is -61425414 (base 7) in base 13?
-10a93c4
What is -5055562 (base 7) in base 15?
-bd6a4
Convert -2e543a (base 15) to base 6.
-120043014
What is -30302003012 (base 4) in base 3?
-20022020022222
What is -12102102122 (base 3) in base 16?
-1a0fc
What is 133241456 (base 7) in base 2?
100000111011011101101111
-11322332041 (base 5) to base 15
-1238631
What is -126433 (base 9) in base 12?
-38603
Convert -24e047 (base 16) to base 3.
-11112210002211
What is 14859 (base 15) in base 10?
66009
What is -12430313 (base 6) in base 13?
-113b41
What is -42604 (base 15) in base 7?
-1535002
-13708865 (base 9) to base 11
-39228aa
-100100100010111100101 (base 2) to base 5
-301310131
84087 (base 9) to base 8
154273
What is -83a759 (base 11) in base 15?
-1b8ea2
Convert 1605457 (base 8) to base 16.
70b2f
10111111110111011110 (base 2) to base 3
1110221000220
Convert 571455 (base 8) to base 9.
324165
What is -13164 (base 16) in base 5?
-10000210
Convert -6763321 (base 8) to base 11.
-1039909
What is 136155 (base 7) in base 12?
13179
Convert -11333232 (base 5) to base 7.
-616261
What is -18191b (base 15) in base 7?
-12641333
-70661 (base 10) to base 11
-490a8
Convert -ba5cd (base 16) to base 9.
-1383086
What is 69483 (base 10) in base 15?
158c3
Convert -4d28 (base 15) to base 10.
-16463
What is 9fe0 (base 16) in base 4?
21333200
What is a5899 (base 11) in base 7?
1211251
What is 18c59 (base 15) in base 8?
235031
Convert -12200022212 (base 3) to base 16.
-1b4a0
What is 3b45a2 (base 13) in base 16?
15f077
What is -5148712 (base 10) in base 3?
-100200120201001
Convert 4403003 (base 8) to base 2.
100100000011000000011
What is -410859 (base 10) in base 11?
-260759
What is 239945 (base 10) in base 2?
111010100101001001
Convert 1012022000102 (base 3) to base 15.
c854e
Convert -101201222022 (base 3) to base 2.
-110011100110111111
-339586a (base 11) to base 10
-5937304
What is -364a033 (base 12) in base 10?
-10551207
What is 114435 (base 7) in base 2?
101000101000010
Convert 7281898 (base 10) to base 12.
253208a
Convert -21212002221210 (base 3) to base 10.
-4174950
What is 44242 (base 13) in base 2?
11110001000100000
-7099769 (base 11) to base 15
-117c332
What is -60132 (base 7) in base 4?
-3202032
What is -7643 (base 16) in base 15?
-8e85
51043152 (base 6) to base 11
9020a5
2205eb (base 15) to base 14
302c26
-131210020 (base 4) to base 10
-121096
Convert -f61f (base 16) to base 14.
-18d67
Convert -8132 (base 14) to base 10.
-22192
What is -21112012002 (base 3) in base 12?
-71878
Convert -36a46b (base 12) to base 13.
-251762
Convert 862cb (base 13) to base 4.
323013333
What is 1565723 (base 8) in base 9?
761175
What is 742aa3 (base 15) in base 7?
64660341
Convert 384861 (base 11) to base 7.
5104426
Convert -1651901 (base 12) to base 11.
-2652321
What is -430334042 (base 5) in base 10?
-1808647
Convert 5ac348 (base 14) to base 12.
1059b50
-1100011111000100010111 (base 2) to base 12
-111a107
642839 (base 13) to base 4
20331030110
92470 (base 11) to base 2
100000111101010000
What is -6a6937 (base 11) in base 3?
-2002222212022
-2145d (base 16) to base 7
-1105222
-3dbbd8 (base 16) to base 14
-7745a8
-108513 (base 9) to base 10
-65298
What is 6865a (base 11) in base 7?
562314
-1551643 (base 7) to base 16
-34555
-202120112020 (base 3) to base 13
-112443
Convert -27258b (base 15) to base 14.
-36d787
Convert 307610 (base 8) to base 5.
11233110
Convert 1001110010011000110 (base 2) to base 3.
121021221011
What is -2045802 (base 12) in base 2?
-10111001000101001000010
Convert -aa35 (base 16) to base 2.
-1010101000110101
Convert 3014230443 (base 5) to base 16.
5badb8
Convert 348476 (base 10) to base 11.
2188a7
1367317 (base 8) to base 4
1132323033
-210010112022111 (base 3) to base 6
-1040405321
2014050 (base 6) to base 8
272416
What is 536025 (base 7) in base 6?
2000003
What is 110000001000011101010010 (base 2) in base 13?
27ca111
-66e01 (base 16) to base 12
-183a29
-1a278a (base 12) to base 2
-1110000011111011010
Convert 131330333 (base 4) to base 16.
1df3f
1231042 (base 7) to base 10
158839
Convert -1011011010100100000101 (base 2) to base 3.
-12122000210020
Convert 52142553 (base 6) to base 12.
607a59
Convert 3211001313 (base 4) to base 9.
1678746
5341620 (base 7) to base 2
10011110011011011001
What is -242810 (base 10) in base 6?
-5112042
Convert -12112121102 (base 4) to base 3.
-10010120101122
-40716614 (base 8) to base 7
-133213241
102000001210 (base 3) to base 6
4350333
-1146022 (base 7) to base 8
-435326
-110110110100100 (base 2) to base 5
-1344233
What is 438196 (base 13) in base 16?
183df3
-546593 (base 10) to base 7
-4434365
What is -1112110112112 (base 3) in base 6?
-25254235
1048366 (base 11) to base 6
103244040
20001020202 (base 3) to base 6
2314545
402818 (base 9) to base 5
30111234
Convert -110221120 (base 3) to base 7.
-36342
Convert 469aa (base 11) to base 9.
112847
What is 176a7 (base 15) in base 5?
4411012
What is -4276c (base 13) in base 4?
-131101213
What is 6a2693 (base 16) in base 14?
cd1347
What is -11133330322 (base 4) in base 8?
-5377472
-4e2e (base 16) to base 6
-232354
What is -13007451 (base 8) in base 5?
-1214344330
What is 1015454 (base 8) in base 10?
269100
What is -11000011110111110000 (base 2) in base 4?
-3003313300
-aa886 (base 11) to base 15
-3298c
Convert -100220220201 (base 3) to base 7.
-1442263
What is 101110232132 (base 4) in base 7?
53413031
Convert 185031 (base 10) to base 11.
117020
Convert -6300406 (base 7) to base 8.
-2705445
Convert 12102311 (base 5) to base 2.
11011100010111111
What is -197387 (base 11) in base 13?
-a7967
cc6b7a (base 15) to base 8
45124770
What is -28e740 (base 15) in base 12?
-7b16a3
1bc275 (base 13) to base 7
6024365
-a572b (base 15) to base 2
-10000000000111000101
-1133030303 (base 4) to base 14
-a216b
Convert -12d328 (base 14) to base 4.
-2132323020
What is 1736442 (base 9) in base 2?
11101100100111110011
101011101010011011 (base 2) to base 11
112405
What is 541066 (base 7) in base 9?
152877
Convert 10121011201 (base 3) to base 4.
101102320
d7d5a (base 15) to base 14
13b796
What is -153438 (base 11) in base 10?
-238774
Convert -221333302 (base 4) to base 13.
-603b2
-1010000011100110100 (base 2) to base 9
-552017
101022022002 (base 3) to base 7
1503326
Convert -341241 (base 7) to base 9.
-101876
Convert -505835 (base 9) to base 3.
-120012221012
Convert -25c563 (base 13) to base 2.
-11011110110100101001
98a802 (base 11) to base 16
181f43
What is 36205 (base 7) in base 14?
35ac
1521000 (base 11) to base 13
703a76
What is -89ae2 (base 15) in base 13?
-12439a
Convert -10221202211 (base 3) to base 2.
-10011000000001100
-2323022110 (base 5) to base 8
-24115734
What is -2021101303 (base 4) in base 3?
-1001120022121
What is 22539a (base 11) in base 16?
5786f
What is -5113103 (base 7) in base 11?
-386223
Convert -244112202 (base 5) t